{"id":890,"date":"2023-11-09T14:26:13","date_gmt":"2023-11-09T13:26:13","guid":{"rendered":"https:\/\/bbtrading.dev6\/cms\/referenzen\/"},"modified":"2025-07-10T15:49:15","modified_gmt":"2025-07-10T13:49:15","slug":"referenzen","status":"publish","type":"page","link":"https:\/\/bbtrading.ch\/cms\/referenzen\/","title":{"rendered":"Referenzen"},"content":{"rendered":"","protected":false},"excerpt":{"rendered":"","protected":false},"author":1,"featured_media":0,"parent":0,"menu_order":21,"comment_status":"closed","ping_status":"closed","template":"","meta":{"_acf_changed":false,"inline_featured_image":false,"footnotes":""},"class_list":["post-890","page","type-page","status-publish","hentry"],"acf":{"inhaltselemente":[{"acf_fc_layout":"referenzen","header_element_header_element_titel":"Referenzen.","header_element_header_element_typ":"1","header_element_header_element_size":"2-big","header_element_header_element_fake":false,"referenzen_text":"Gute Ideen f\u00fcr cooles Marketing und gl\u00fcckliche Kunden."},{"acf_fc_layout":"slider_text_img_four_element","slider_text_img_four_element_items":[{"acf_fc_layout":"quote_element","slider_text_img_four_element_items_quote":"bb trading hat uns mit nachhaltigen Werbeartikeln begeistert. Die breite Auswahl und schnelle Erreichbarkeit haben unsere Erwartungen \u00fcbertroffen.\r\nDanke f\u00fcr die grossartige Zusammenarbeit!","slider_text_img_four_element_items_name":"Alexandra Reeb","slider_text_img_four_element_items_position_company":"Marketing Managerin | Content & Advertising\r\nBaloise Versicherung AG","slider_text_img_four_element_items_img":3920},{"acf_fc_layout":"quote_element","slider_text_img_four_element_items_quote":"bb trading macht das Unm\u00f6gliche m\u00f6glich. W\u00e4hrend meiner Zeit als Agenturleiter hat uns bb mit den ausgefallensten und kreativsten Gadgets \u00fcberrascht. In meiner aktuellen Position sch\u00e4tze ich die eingespielte Zusammenarbeit mehr denn je!","slider_text_img_four_element_items_name":"Bernhard Pompey","slider_text_img_four_element_items_position_company":"CMSO\r\nLuzerner Sinfonieorchester","slider_text_img_four_element_items_img":3913},{"acf_fc_layout":"quote_element","slider_text_img_four_element_items_quote":"Die Zusammenarbeit mit bb trading ist f\u00fcr mich \u00e4usserst zufriedenstellend. Die Professionalit\u00e4t, Zuverl\u00e4ssigkeit und Fachkenntnisse haben mich von Anfang an beeindruckt und machen bb trading zu einem zuverl\u00e4ssigen Partner.","slider_text_img_four_element_items_name":"Melanie Felice","slider_text_img_four_element_items_position_company":"Spezialistin Marketing und Event\r\nBMW Finanzdienstleistungen (Schweiz) AG","slider_text_img_four_element_items_img":3917}],"slider_text_Img_four_element_margin_bottom":"default"},{"acf_fc_layout":"ma_slider_element","text_element_override_text_element_titel":"","text_element_override_text_element_titel_typ":"2","text_element_override_text_element_titel_size":false,"text_element_override_text_element_titel_fake":false,"text_element_override_text_element_content":""}]},"yoast_head":"<!-- This site is optimized with the Yoast SEO plugin v27.4 - https:\/\/yoast.com\/product\/yoast-seo-wordpress\/ -->\n<title>Referenzen | bb trading<\/title>\n<meta name=\"description\" content=\"Kunden aus verschiedensten Branchen vertrauen uns \u2013 entdecken Sie unsere erfolgreich umgesetzten, kreativen Werbeartikel-Projekte.\" \/>\n<meta name=\"robots\" content=\"index, follow, max-snippet:-1, max-image-preview:large, max-video-preview:-1\" \/>\n<link rel=\"canonical\" href=\"https:\/\/bbtrading.ch\/cms\/referenzen\/\" \/>\n<meta property=\"og:locale\" content=\"de_DE\" \/>\n<meta property=\"og:type\" content=\"article\" \/>\n<meta property=\"og:title\" content=\"Referenzen | bb trading\" \/>\n<meta property=\"og:description\" content=\"Kunden aus verschiedensten Branchen vertrauen uns \u2013 entdecken Sie unsere erfolgreich umgesetzten, kreativen Werbeartikel-Projekte.\" \/>\n<meta property=\"og:url\" content=\"https:\/\/bbtrading.ch\/cms\/referenzen\/\" \/>\n<meta property=\"og:site_name\" content=\"bb trading\" \/>\n<meta property=\"article:modified_time\" content=\"2025-07-10T13:49:15+00:00\" \/>\n<meta property=\"og:image\" content=\"https:\/\/bbtrading.ch\/cms\/wp-content\/uploads\/2025\/02\/bbtrading-og-image.png\" \/>\n\t<meta property=\"og:image:width\" content=\"1200\" \/>\n\t<meta property=\"og:image:height\" content=\"630\" \/>\n\t<meta property=\"og:image:type\" content=\"image\/png\" \/>\n<meta name=\"twitter:card\" content=\"summary_large_image\" \/>\n<meta name=\"twitter:label1\" content=\"Gesch\u00e4tzte Lesezeit\" \/>\n\t<meta name=\"twitter:data1\" content=\"2\u00a0Minuten\" \/>\n<script type=\"application\/ld+json\" class=\"yoast-schema-graph\">{\"@context\":\"https:\\\/\\\/schema.org\",\"@graph\":[{\"@type\":\"WebPage\",\"@id\":\"https:\\\/\\\/bbtrading.ch\\\/cms\\\/referenzen\\\/\",\"url\":\"https:\\\/\\\/bbtrading.ch\\\/cms\\\/referenzen\\\/\",\"name\":\"Referenzen | bb trading\",\"isPartOf\":{\"@id\":\"https:\\\/\\\/bbtrading.ch\\\/cms\\\/#website\"},\"datePublished\":\"2023-11-09T13:26:13+00:00\",\"dateModified\":\"2025-07-10T13:49:15+00:00\",\"description\":\"Kunden aus verschiedensten Branchen vertrauen uns \u2013 entdecken Sie unsere erfolgreich umgesetzten, kreativen Werbeartikel-Projekte.\",\"breadcrumb\":{\"@id\":\"https:\\\/\\\/bbtrading.ch\\\/cms\\\/referenzen\\\/#breadcrumb\"},\"inLanguage\":\"de-CH\",\"potentialAction\":[{\"@type\":\"ReadAction\",\"target\":[\"https:\\\/\\\/bbtrading.ch\\\/cms\\\/referenzen\\\/\"]}]},{\"@type\":\"BreadcrumbList\",\"@id\":\"https:\\\/\\\/bbtrading.ch\\\/cms\\\/referenzen\\\/#breadcrumb\",\"itemListElement\":[{\"@type\":\"ListItem\",\"position\":1,\"name\":\"Home\",\"item\":\"https:\\\/\\\/bbtrading.ch\\\/cms\\\/\"},{\"@type\":\"ListItem\",\"position\":2,\"name\":\"Referenzen\"}]},{\"@type\":\"WebSite\",\"@id\":\"https:\\\/\\\/bbtrading.ch\\\/cms\\\/#website\",\"url\":\"https:\\\/\\\/bbtrading.ch\\\/cms\\\/\",\"name\":\"bb trading\",\"description\":\"\",\"publisher\":{\"@id\":\"https:\\\/\\\/bbtrading.ch\\\/cms\\\/#organization\"},\"potentialAction\":[{\"@type\":\"SearchAction\",\"target\":{\"@type\":\"EntryPoint\",\"urlTemplate\":\"https:\\\/\\\/bbtrading.ch\\\/cms\\\/?s={search_term_string}\"},\"query-input\":{\"@type\":\"PropertyValueSpecification\",\"valueRequired\":true,\"valueName\":\"search_term_string\"}}],\"inLanguage\":\"de-CH\"},{\"@type\":\"Organization\",\"@id\":\"https:\\\/\\\/bbtrading.ch\\\/cms\\\/#organization\",\"name\":\"bb trading werbeartikel AG\",\"alternateName\":\"bb trading\",\"url\":\"https:\\\/\\\/bbtrading.ch\\\/cms\\\/\",\"logo\":{\"@type\":\"ImageObject\",\"inLanguage\":\"de-CH\",\"@id\":\"https:\\\/\\\/bbtrading.ch\\\/cms\\\/#\\\/schema\\\/logo\\\/image\\\/\",\"url\":\"https:\\\/\\\/bbtrading.ch\\\/cms\\\/wp-content\\\/uploads\\\/2025\\\/02\\\/bbtrading-organisations-logo.png\",\"contentUrl\":\"https:\\\/\\\/bbtrading.ch\\\/cms\\\/wp-content\\\/uploads\\\/2025\\\/02\\\/bbtrading-organisations-logo.png\",\"width\":696,\"height\":696,\"caption\":\"bb trading werbeartikel AG\"},\"image\":{\"@id\":\"https:\\\/\\\/bbtrading.ch\\\/cms\\\/#\\\/schema\\\/logo\\\/image\\\/\"}}]}<\/script>\n<!-- \/ Yoast SEO plugin. -->","yoast_head_json":{"title":"Referenzen | bb trading","description":"Kunden aus verschiedensten Branchen vertrauen uns \u2013 entdecken Sie unsere erfolgreich umgesetzten, kreativen Werbeartikel-Projekte.","robots":{"index":"index","follow":"follow","max-snippet":"max-snippet:-1","max-image-preview":"max-image-preview:large","max-video-preview":"max-video-preview:-1"},"canonical":"https:\/\/bbtrading.ch\/cms\/referenzen\/","og_locale":"de_DE","og_type":"article","og_title":"Referenzen | bb trading","og_description":"Kunden aus verschiedensten Branchen vertrauen uns \u2013 entdecken Sie unsere erfolgreich umgesetzten, kreativen Werbeartikel-Projekte.","og_url":"https:\/\/bbtrading.ch\/cms\/referenzen\/","og_site_name":"bb trading","article_modified_time":"2025-07-10T13:49:15+00:00","og_image":[{"width":1200,"height":630,"url":"https:\/\/bbtrading.ch\/cms\/wp-content\/uploads\/2025\/02\/bbtrading-og-image.png","type":"image\/png"}],"twitter_card":"summary_large_image","twitter_misc":{"Gesch\u00e4tzte Lesezeit":"2\u00a0Minuten"},"schema":{"@context":"https:\/\/schema.org","@graph":[{"@type":"WebPage","@id":"https:\/\/bbtrading.ch\/cms\/referenzen\/","url":"https:\/\/bbtrading.ch\/cms\/referenzen\/","name":"Referenzen | bb trading","isPartOf":{"@id":"https:\/\/bbtrading.ch\/cms\/#website"},"datePublished":"2023-11-09T13:26:13+00:00","dateModified":"2025-07-10T13:49:15+00:00","description":"Kunden aus verschiedensten Branchen vertrauen uns \u2013 entdecken Sie unsere erfolgreich umgesetzten, kreativen Werbeartikel-Projekte.","breadcrumb":{"@id":"https:\/\/bbtrading.ch\/cms\/referenzen\/#breadcrumb"},"inLanguage":"de-CH","potentialAction":[{"@type":"ReadAction","target":["https:\/\/bbtrading.ch\/cms\/referenzen\/"]}]},{"@type":"BreadcrumbList","@id":"https:\/\/bbtrading.ch\/cms\/referenzen\/#breadcrumb","itemListElement":[{"@type":"ListItem","position":1,"name":"Home","item":"https:\/\/bbtrading.ch\/cms\/"},{"@type":"ListItem","position":2,"name":"Referenzen"}]},{"@type":"WebSite","@id":"https:\/\/bbtrading.ch\/cms\/#website","url":"https:\/\/bbtrading.ch\/cms\/","name":"bb trading","description":"","publisher":{"@id":"https:\/\/bbtrading.ch\/cms\/#organization"},"potentialAction":[{"@type":"SearchAction","target":{"@type":"EntryPoint","urlTemplate":"https:\/\/bbtrading.ch\/cms\/?s={search_term_string}"},"query-input":{"@type":"PropertyValueSpecification","valueRequired":true,"valueName":"search_term_string"}}],"inLanguage":"de-CH"},{"@type":"Organization","@id":"https:\/\/bbtrading.ch\/cms\/#organization","name":"bb trading werbeartikel AG","alternateName":"bb trading","url":"https:\/\/bbtrading.ch\/cms\/","logo":{"@type":"ImageObject","inLanguage":"de-CH","@id":"https:\/\/bbtrading.ch\/cms\/#\/schema\/logo\/image\/","url":"https:\/\/bbtrading.ch\/cms\/wp-content\/uploads\/2025\/02\/bbtrading-organisations-logo.png","contentUrl":"https:\/\/bbtrading.ch\/cms\/wp-content\/uploads\/2025\/02\/bbtrading-organisations-logo.png","width":696,"height":696,"caption":"bb trading werbeartikel AG"},"image":{"@id":"https:\/\/bbtrading.ch\/cms\/#\/schema\/logo\/image\/"}}]}},"_links":{"self":[{"href":"https:\/\/bbtrading.ch\/cms\/wp-json\/wp\/v2\/pages\/890","targetHints":{"allow":["GET"]}}],"collection":[{"href":"https:\/\/bbtrading.ch\/cms\/wp-json\/wp\/v2\/pages"}],"about":[{"href":"https:\/\/bbtrading.ch\/cms\/wp-json\/wp\/v2\/types\/page"}],"author":[{"embeddable":true,"href":"https:\/\/bbtrading.ch\/cms\/wp-json\/wp\/v2\/users\/1"}],"replies":[{"embeddable":true,"href":"https:\/\/bbtrading.ch\/cms\/wp-json\/wp\/v2\/comments?post=890"}],"version-history":[{"count":25,"href":"https:\/\/bbtrading.ch\/cms\/wp-json\/wp\/v2\/pages\/890\/revisions"}],"predecessor-version":[{"id":14699,"href":"https:\/\/bbtrading.ch\/cms\/wp-json\/wp\/v2\/pages\/890\/revisions\/14699"}],"wp:attachment":[{"href":"https:\/\/bbtrading.ch\/cms\/wp-json\/wp\/v2\/media?parent=890"}],"curies":[{"name":"wp","href":"https:\/\/api.w.org\/{rel}","templated":true}]}}